7) composite?
False
Let q be (-5)/(-25) - 22/10. Is q*4/((-8)/331) prime?
True
Suppose -4*c - 4*p = c - 7, -2*c + 2*p = -10. Is c - (-7521)/5 - (-3)/(-15) composite?
True
Suppose -2*b = -h - 672, -b - b = -3*h - 2028. Is h/4*1/((-15)/20) a composite number?
True
Let z = -234 - -1385. Is z composite?
False
Let t = -33 - -34. Is t + 1/((-1)/(-556)) a composite number?
False
Suppose 0 = 6*u + 3676 - 13372. Suppose -5*o = -x - 2007, -4*o - 4*x + u = 20. Suppose -4*h + 1604 = -0*h - 3*y, h - o = -y. Is h prime?
True
Suppose -5901 = -3*o + 22104. Is o prime?
False
Let y(v) = v + 30. Let j be y(0). Is 186/j*(7 + -2) composite?
False
Let x = -22 - -26. Suppose 2*i + x*w - 4276 = 0, -i + w - 4*w = -2138. Is i a prime number?
False
Let j(z) = z**3 - 13*z**2 + 14*z - 8. Let h be j(12). Suppose 4*k + h = -4*p, 5*k + 3*p = -2 - 10. Is 2/(-2) + k + 112 a prime number?
False
Suppose 5*w = -2*t + 1086, -5*t - 948 = -w - 3609. Is t composite?
True
Suppose -12*x - 18977 = -75365. Is x a prime number?
False
Suppose 8*m + 19*m - 348003 = 0. Is m a prime number?
True
Let q = -1377 - -2372. Let h be ((-10)/(-8) - (-148)/(-16))/(-2). Suppose h*g = -g + q. Is g a composite number?
False
Let r(n) = n**3 + n**2 - 2*n. Let l be r(-2). Suppose 8*s - 5*s - 12 = l. Suppose s*v + 99 = q, -v = -2*q - 0*q + 170. Is q prime?
True
Suppose 7*z = 2994 + 14275. Let d = -1298 + z. Is d composite?
True
Suppose -9426 = -17*k + 13*k - 2*p, 0 = 2*k - 3*p - 4733. Is k a prime number?
False
Suppose h + 5*f - 165646 = 0, 7*h - 1159484 = -4*f + 7*f. Is h prime?
False
Let a(x) = x. Suppose 0 = q + 4*q + 10. Let r be a(q). Let m(n) = -15*n**3 - n**2 + n + 1. Is m(r) a composite number?
True
Let h be 28/(-126) + 32/(-18). Is 2766/36 - h/12 a composite number?
True
Let s be (3/5)/((-8)/(-12520)). Suppose -9*o = -42 - s. Is o prime?
True
Let d(o) = o**3 + 15*o**2 + 8*o + 17. Is d(-12) prime?
True
Let l(j) be the third derivative of j**6/12 - j**5/30 + j**4/24 - j**3/3 - 4*j**2. Is l(3) prime?
False
Let d = 305 - 186. Is 2/14 - (-816)/d composite?
False
Let w(v) = 572*v - 5. Let u be w(3). Let z = u - 1082. Is z a prime number?
False
Let r = 1267 - 1805. Let z = 1679 + r. Is z a prime number?
False
Let w(n) be the first derivative of -342*n**2 - n - 12. Is w(-1) a composite number?
False
Suppose 0 = -5*u - 2713 - 1377. Let a = -421 - u. Is a composite?
False
Let y = 3652 + -1407. Is y a composite number?
True
Suppose 4*y - 2 = -6. Is (-1586)/(-5) - y/(-5) a composite number?
False
Let y be 1*-3 + 6 + -5. Let j(i) = 29*i**2 + 7. Is j(y) a prime number?
False
Suppose 5*c + 10 + 10 = 0, 4*g + 2976 = -4*c. Let m = 1297 + g. Is m composite?
False
Suppose 0 = 7*r - 550625 - 92822. Is r a composite number?
False
Suppose 2*s = -26 + 30. Suppose 4*y + 3110 = s*c, 3114 = -c + 3*c - 2*y. Is c a composite number?
False
Let h = 40 + -23. Let m(g) = h - 8 - 2 - 150*g. Is m(-6) composite?
False
Let f = -2282 + 1468. Let a = -1408 - f. Let s = -181 - a. Is s prime?
False
Suppose 5*g + 65 = -3*n, -8*n = -4*n - 4*g + 108. Let s = n - -69. Suppose -2*h + 40 = 3*d, 3*h - 2*d = 5*h - s. Is h a prime number?
False
Let w = 8 + -10. Suppose -99 = -3*b - k, 2*b + 2*k = 101 - 39. Is (3/w)/((-1)/b) composite?
True
Suppose -2*r - 5*b + 144214 = -4*b, 4*r + 3*b - 288428 = 0. Is r a prime number?
False
Let x(y) = 8*y**3 + 5*y + 2. Let w(f) = -f**3 - f**2 + 3. Let q be w(0). Is x(q) prime?
True
Let v(o) = -1220*o + 747. Is v(-7) composite?
True
Suppose -p = p + 22. Let f(u) = -14*u - u**2 - 4 + 3 - 6. Is f(p) a composite number?
True
Suppose a - 310 = 21. Suppose -o = -0*o - a. Is o a prime number?
True
Let f = 131 - 130. Let q(n) = 4284*n**3 - n**2 - 2*n + 2. Is q(f) composite?
False
Suppose 0 = 3*z - 72*w + 71*w - 62689, w - 20899 = -z. Is z a composite number?
False
Let z = 1217 - 860. Let r = z - -362. Is r a prime number?
True
Let n be (-98624)/(-12) - (-2)/6. Suppose -5*y = 25, 4*y + 2894 = -5*b + n. Is b a prime number?
True
Let f(i) = i + 1. Let o(j) be the first derivative of -34*j**3/3 + 9*j**2/2 + 5*j + 7. Let s(p) = 6*f(p) - o(p). Is s(2) a prime number?
True
Let g be 78/21 + 8/28. Suppose 0 = -5*n - 0*n + 5*j - 825, -g*n - 655 = j. Let w = 247 + n. Is w composite?
False
Let q(c) = c + 10. Let u be q(-4). Suppose -3*x = a - u, -a - a + 2 = x. Suppose x*h = -4*z - 2*h + 356, -166 = -2*z + h. Is z a prime number?
False
Let n = 34 - 29. Suppose 0*z + 2*z = -2*c + 312, 3*c - 476 = n*z. Is c a prime number?
True
Let c = -3149 - -5113. Let w(s) = -s**3 - 8*s**2 + 53. Let b be w(-7). Suppose 8 = -b*f + c. Is f a composite number?
True
Let a be (3 - 1) + (0 - 2). Let d be -2 + (a - -4) + 34. Is 4292/d + 4/(-18) composite?
True
Suppose -5290 = -14*y - 1272. Is y a prime number?
False
Let k(d) = -109*d + 83*d + 2 - 1 - 593*d. Let z be k(1). Let b = 1049 + z. Is b a prime number?
True
Is 869 - (28/7 + -4) a prime number?
False
Let t = 42 - 44. Let m(p) = 629*p**2 + 3*p - 1. Is m(t) a composite number?
True
Suppose -4*a - 5*y + 23 = 0, 2*y = -2*a + 6 + 4. Suppose z = 11 - a. Is z prime?
False
Suppose -l - 3*l + 43376 = 4*w, 5*w - 4*l - 54247 = 0. Is w a prime number?
True
Suppose 0 = 2*r + 4, 0 = 2*t + 4*r - r - 1748. Is t a composite number?
False
Suppose -17*d - 25 = -22*d. Is d/25 + 2568/10 prime?
True
Suppose c + 2*w - 3*w - 7435 = 0, 0 = 2*c + w - 14864. Is c a composite number?
False
Let o(t) = 8*t**3 - t**2 + 23*t + 3. Is o(8) a composite number?
False
Is (3*300287/(-39))/(-1) a prime number?
True
Suppose 1 = 4*a - 5*w, 5*a - 16 + 5 = 3*w. Suppose a*u = 5*k - 3084 - 2667, 0 = k + u - 1152. Is k composite?
False
Let g be (7/14)/((-2)/(-16)). Suppose g*t + 582 = -2*t. Let z = t + 148. Is z composite?
True
Suppose 5*s + 4*f - 109 = 0, -19 = -s + 5*f + 26. Suppose 0 = 8*h - 3*h - s. Is 10975/h + (-4)/1 a composite number?
True
Suppose 0 = l - 4*b + 14, -3*b + 9 = 3*l + 2*b. Let z be (l/6)/(8/(-72)). Suppose w - 3450 = -3*v, -w - 3462 = -z*v + 2*w. Is v prime?
True
Is (-35331)/((-9)/(-6)*(-42)/147) prime?
False
Let d = 18334 - 10255. Is d composite?
True
Let x = -15373 + 29810. Is x a prime number?
True
Let u(t) = -t**3 - 9*t**2 + 5*t - 24. Let k be u(-10). Suppose g - k = -2*q, -q + 70 = 5*g - 96. Is g a composite number?
True
Let n(y) = 6 - 13*y - y + 65*y. Let q be n(4). Suppose 3*h - 165 = -4*v, -6*h = -2*h + 2*v - q. Is h a prime number?
False
Suppose 2*v - 5714 = -3*a - 0*a, 5710 = 2*v + 5*a. Is v/(6 + -2) - (-4 - -1) a composite number?
True
Is 270/8 + 1 - 4/(-16) prime?
False
Suppose -4*y = -12*y + 22248. Let o = -1682 + y. Is o composite?
True
Is (1/3)/((-35)/(-92085)) composite?
False
Suppose 2*i - 12 + 18 = 0. Suppose 0 = 2*c + w + 2*w - 276, 2*w = 2*c - 256. Is ((-5)/10)/(i/c) a prime number?
False
Let u = -158 - -3600. Suppose 4*r + r + 30 = 0. Is u/18 + r/27 composite?
False
Let x = 569 + -180. Is x a prime number?
True
Let d(g) = -32*g**3 + 5*g**2 - 3. Let w be d(-4). Suppose b + 3*v = 412, -5*b + v + w = 3*v. Is b prime?
False
Suppose 31*l = -7*l + 608798. Is l composite?
True
Is (-8287600)/(-110) - -9 - 6/(-33) a composite number?
True
Let c be 2*(4 + 3/(-2)). Is (-311)/(0/c + -1) composite?
False
Suppose 5*p - 127999 = -3*w - 0*w, 3*w - 2*p = 128006. Suppose -4*z - 3*n + 42636 = n, 4*n + w = 4*z. Is z prime?
True
Let t = 7453 + -2018. Is t prime?
False
Let s(z) = -4*z**2 - 4*z - 10. Let x(i) = -i**2 - i + 1. Let b(f) = s(f) + 3*x(f). Let g be b(-5). Let c = 238 + g. Is c a composite number?
True
Suppose -5*b - b = -6. Is 3 - (-235*b + 3) a composite number?
True
Suppose 2*v + 4*x + 0*x = -8, 0 = -5*x - 10. Suppose -l + 2*b + 113 = v, l + 2*l = 5*b + 339. Is l composite?
False
Let o(p) = -p + 19. Let u be o(12). Let v = 30 + u. Is v a prime number?
True
Let d = 7138 + -3192. Is d prime?
False
Suppose 2*v + 3*f = -0*f + 19, -5*v = -f - 22. Suppose -3*o + 3*n = -2670, v*o + 3*n - 6*n = 4448. Is o a composite number?
True
Suppose 0*r = 3*r + 12. Let l be (-9)/(-6)*r/(-3). Suppose 4*h = -6*k + l*k + 164, 4*h = 5*k - 250. Is k a prime number?
False
Is 0 - (-85042)/7 - (-181)/1267 composite?
False
Suppose 5*w - 19835 = 2*t, -3*w + 4*t = -7*w + 15868. Is w prime?
True
Suppose -3*f = -d + 1909, -3*f + 29 - 17 = 0. Is d a composite number?
True
Suppose p = 2, -4*k + 37669 + 4559 = -4*p. Is k prime?
True
Let o(b